 122025 a multiple of 25?
True
Is 613600 a multiple of 52?
True
Is 630 a factor of 177175?
False
Is 316 a factor of 7932232?
True
Is 102396 a multiple of 7?
True
Is 12132 even?
True
Does 58 divide 75449?
False
Is 4 a factor of 41972?
True
Is 102 a factor of 11832?
True
Does 889 divide 14151102?
True
Does 183 divide 1334253?
True
Is 29030 a multiple of 60?
False
Is 68 a factor of 1568845?
False
Is 37715 a multiple of 75?
False
Is 9255032 a multiple of 21?
False
Does 351 divide 169182?
True
Is 88797 a multiple of 18?
False
Is 5217491 a multiple of 43?
True
Does 48 divide 4646352?
True
Is 119235 a multiple of 396?
False
Does 28 divide 6479906?
False
Does 4 divide 340460?
True
Does 13 divide 971189?
False
Does 7 divide 384237?
True
Does 3 divide 3514872?
True
Is 218598 even?
True
Is 181594 a multiple of 17?
True
Is 5 a factor of 2385795?
True
Does 17 divide 1969399?
True
Does 74 divide 7935752?
False
Is 73 a factor of 534097?
False
Does 12 divide 270876?
True
Is 117051 a multiple of 12?
False
Does 6 divide 175158?
True
Is 11 a factor of 85363?
False
Is 600 a factor of 1773600?
True
Does 32 divide 194916?
False
Is 5 a factor of 5319060?
True
Is 6 a factor of 436809?
False
Is 83 a factor of 645392?
False
Is 668177 a multiple of 43?
True
Does 19 divide 408884?
False
Does 529 divide 2654522?
True
Is 46 a factor of 165087?
False
Is 896697 a multiple of 4?
False
Does 578 divide 197676?
True
Does 171 divide 166753?
False
Is 8 a factor of 204556?
False
Does 43 divide 512841?
False
Is 198272 a multiple of 128?
True
Is 8877429 a multiple of 99?
True
Is 100098 a multiple of 11?
False
Is 9512384 a multiple of 476?
True
Is 66 a factor of 218138?
False
Is 2690048 a multiple of 319?
False
Is 449 a factor of 1743018?
True
Does 943 divide 2904376?
False
Is 18280185 a multiple of 147?
True
Is 13 a factor of 9982781?
False
Is 320229 a multiple of 357?
True
Does 6 divide 159858?
True
Is 874835 a multiple of 812?
False
Does 219 divide 12656010?
True
Does 21 divide 235410?
True
Is 3086067 a multiple of 131?
False
Is 729 a factor of 2254797?
True
Is 366 a factor of 392352?
True
Is 13 a factor of 1685775?
True
Is 5 a factor of 1020345?
True
Is 5185674 a multiple of 534?
True
Does 123 divide 555077?
False
Is 142080 even?
True
Is 16819725 a multiple of 75?
True
Is 128 a factor of 305392?
False
Does 102 divide 871815?
False
Is 119 a factor of 1195712?
True
Is 647433 a multiple of 156?
False
Is 4377401 a multiple of 414?
False
Is 2 a factor of 431619?
False
Is 21 a factor of 69888?
True
Is 49 a factor of 2678431?
False
Is 667 a factor of 1827580?
True
Does 13 divide 1649868?
False
Does 15 divide 1222237?
False
Does 15 divide 4447785?
True
Does 336 divide 15795644?
False
Is 207 a factor of 117347?
False
Does 1225 divide 3388350?
True
Does 171 divide 215289?
True
Is 942168 a multiple of 8?
True
Is 459 a factor of 5838480?
True
Is 59 a factor of 43188?
True
Is 87 a factor of 1456084?
False
Is 47662 a multiple of 6?
False
Is 116 a factor of 67280?
True
Is 102 a factor of 47328?
True
Is 10 a factor of 1655470?
True
Is 136 a factor of 7659247?
False
Is 788 a factor of 2107900?
True
Does 138 divide 419382?
True
Does 98 divide 497840?
True
Does 44 divide 83336?
True
Is 76 a factor of 319600?
False
Does 49 divide 1501164?
True
Does 41 divide 224935?
False
Is 60900 a multiple of 84?
True
Is 2540 a factor of 10054843?
False
Is 2106000 a multiple of 130?
True
Does 34 divide 17769?
False
Is 495948 a multiple of 148?
True
Is 15 a factor of 3757355?
False
Is 4357870 a multiple of 865?
True
Does 225 divide 680572?
False
Does 9 divide 12285?
True
Is 105945 a multiple of 92?
False
Is 3369963 a multiple of 4?
False
Does 175 divide 167475?
True
Is 190 a factor of 22420?
True
Is 26036 even?
True
Does 12 divide 312244?
False
Does 197 divide 21993868?
True
Is 3830673 a multiple of 103?
True
Is 916 a factor of 267508?
False
Does 3 divide 302601?
True
Is 171 a factor of 1145529?
True
Does 51 divide 22656?
False
Is 3 a factor of 1383767?
False
Is 629 a factor of 15189276?
False
Does 9 divide 3061175?
False
Is 839 a factor of 1940607?
True
Does 21 divide 1679657?
False
Is 213 a factor of 231744?
True
Does 42 divide 105336?
True
Is 10552541 a multiple of 311?
True
Is 231071 a multiple of 251?
False
Is 120900 a multiple of 27?
False
Does 140 divide 480480?
True
Does 48 divide 12014?
False
Is 11691 a multiple of 27?
True
Is 32 a factor of 494720?
True
Is 350757 a multiple of 23?
False
Is 89667 a multiple of 20?
False
Does 40 divide 7903611?
False
Does 5 divide 39349?
False
Does 261 divide 262566?
True
Does 152 divide 62472?
True
Is 3 a factor of 618486?
True
Does 141 divide 291306?
True
Is 344799 a multiple of 117?
True
Is 2864405 a multiple of 439?
False
Is 100922 a multiple of 43?
False
Is 147 a factor of 3906872?
False
Is 58035 a multiple of 73?
True
Is 698887 a multiple of 5?
False
Does 34 divide 152660?
True
Is 1924 a factor of 16125044?
True
Does 438 divide 1047044?
False
Is 194 a factor of 1153920?
False
Does 157 divide 1079846?
True
Does 16 divide 3821?
False
Does 712 divide 19382064?
True
Does 103 divide 12401818?
True
Is 69642 a multiple of 4?
False
Is 2438276 a multiple of 5?
False
Is 173 a factor of 10743300?
True
Is 2 a factor of 30936?
True
Is 4748051 a multiple of 49?
True
Does 4 divide 30336?
True
Is 14790 a multiple of 102?
True
Does 29 divide 207466?
True
Is 193 a factor of 5595320?
False
Does 64 divide 243968?
True
Is 2779790 a multiple of 10?
True
Is 631910 a multiple of 10?
True
Is 6 a factor of 80286?
True
Does 124 divide 60382?
False
Is 7 a factor of 44032?
False
Does 48 divide 147072?
True
Does 53 divide 80878?
True
Does 3 divide 3093990?
True
Is 8102250 a multiple of 750?
True
Does 276 divide 305808?
True
Is 5913162 a multiple of 1058?
True
Is 17850 a multiple of 510?
True
Is 195438 a multiple of 2?
True
Is 520420 even?
True
Is 436082 a multiple of 83?
True
Does 38 divide 104484?
False
Is 279 a factor of 476630?
False
Is 192 a factor of 696433?
False
Is 1005663 a multiple of 8?
False
Is 120456 a multiple of 21?
True
Does 198 divide 88292?
False
Does 2 divide 73472?
True
Is 1443300 a multiple of 34?
True
Is 9876086 a multiple of 311?
False
Is 558453 a multiple of 49?
True
Does 51 divide 390962?
False
Is 14 a factor of 4378724?
True
Is 184357 a multiple of 2?
False
Does 41 divide 27470?
True
Is 71 a factor of 128793?
False
Is 5 a factor of 135625?
True
Is 24 a factor of 31776?
True
Is 123 a factor of 218942?
False
Is 71 a factor of 82431?
True
Is 5442465 a multiple of 255?
True
Does 244 divide 16772493?
False
Does 60 divide 9063600?
True
Is 1581646 a multiple of 139?
False
Does 148 divide 99900?
True
Is 6 a factor of 1485114?
True
Is 6 a factor of 18313026?
True
Is 130 a factor of 22100?
True
Does 62 divide 31806?
True
Is 1306431 a multiple of 21?
True
Does 43 divide 120916?
True
Is 22 a factor of 167860?
True
Is 88 a factor of 2104359?
False
Is 17432077 a multiple of 29?
False
Does 135 divide 624421?
False
Does 15 divide 266667?
False
Is 186787 a multiple of 151?
True
Is 27 a factor of 2608843?
False
Is 8 a factor of 281200?
True
Does 5 divide 922280?
True
Does 688 divide 4962647?
False
Is 19 a factor of 189240?
True
Is 178901 a multiple of 31?
True
Does 60 divide 13560?
True
Is 188205 a multiple of 15?
True
Is 51 a factor of 596139?
True
Is 25894 a multiple of 302?
False
Does 14 divide 913915?
False
Is 6 a factor of 40626?
True
Is 550101 a multiple of 139?
False
Is 18 a factor of 15234730?
False
Is 402 a factor of 2398127?
False
Is 89869 a multiple of 356?
False
Does 269 divide 551963?
False
Is 1309252 a multiple of 28?
True
Does 41 divide 304302?
True
Is 258 a factor of 23343?
False
Does 11 divide 818367?
True
Does 963 divide 1124985?
False
Does 584 divide 2036992?
True
Is 20 a factor of 1472104?
False
Is 618412 a multiple of 316?
True
Does 133 divide 101745?
True
Does 30 divide 256578?
False
Is 137 a factor of 2158846?
True
Is 256425 a multiple of 11?
False
Is 12 a factor of 2315?
False
Is 14742 a multiple of 5?
False
Is 505 a factor of 4011917?
False
Is 16681 a multiple of 7?
True
Does 193 divide 1904524?
True
Is 23 a factor of 1212171?
False
Is 2349398 a multiple of 82?
False
Is 33 a factor of 697786?
False
Is 480060 a multiple of 18?
True
Is 39 a factor of 1005344?
Fals